{"id":53,"date":"2014-08-08T11:48:43","date_gmt":"2014-08-08T11:48:43","guid":{"rendered":"http:\/\/writingsinrhyme.com\/?page_id=53"},"modified":"2016-07-11T23:23:56","modified_gmt":"2016-07-11T23:23:56","slug":"links","status":"publish","type":"page","link":"https:\/\/writingsinrhyme.com\/index.php\/links\/","title":{"rendered":"Links"},"content":{"rendered":"<h6>Key &#8211; POR &#8211; Portal site | EDU &#8211; University | ORG &#8211; Orginisation | AGG &#8211; Aggregator website<\/h6>\n<div style=\"width: 100%; padding: 0 10pt 0 0; float: none;\">\n<div style=\"width: 45%; padding: 0 10pt 0 0; float: right;\">\n<p>006 &#8211; <a href=\"http:\/\/www.loc.gov\/poetry\/\">Library of Congress<\/a> (USA \/ POR)<br \/>\n005 &#8211; <a href=\"http:\/\/writing.upenn.edu\/pennsound\/\">PENNSound<\/a> (USA \/ POR)<br \/>\n004 &#8211;\u00a0<a class=\"external external_icon\" title=\" \u201cUp-to-Date Coverage of The World of Irish Literature\u201d Curated by Gerard Beirne\" href=\"http:\/\/www.scoop.it\/t\/irish-literature\">The Irish Literary Times<\/a>\u00a0(IE &#8211; AGG)<br \/>\n003 &#8211; <a href=\"http:\/\/www.irishwriters-online.com\/\">Poetry Ireland<\/a> (IE \/ ORG)<br \/>\n002 &#8211; <a href=\"http:\/\/www.irishwriters-online.com\/\">Irish Writers Online<\/a> (IE \/ POR)<br \/>\n001 &#8211; <a href=\"http:\/\/libguides.ucd.ie\/ipra\">Reading Archive &#8211; UCD<\/a> (IE\/EDU)<\/p>\n<\/div>\n<div style=\"width: 47%; padding: 0 10pt 0 0; float: none;\">\n<h6><a href=\"https:\/\/cormacom.wordpress.com\">Cormac Lally<\/a> (IE \/ OY)<br \/>\n<a href=\"http:\/\/www.stephenjamessmith.com\">Stephen James Smith<\/a> (IE \/ DUB)<br \/>\n<a href=\"https:\/\/www.youtube.com\/channel\/UCfpxgotaqQHZvz6jAFItwOQ\">Catherina Behan<\/a> (IE\/ KY)<br \/>\n<a href=\"http:\/\/celtichosting.com\/fanning\/\">Derek Fanning<\/a> (IE \/ OY)<br \/>\n<a href=\"https:\/\/kenhume79.wordpress.com\">Ken Hume<\/a> (IE \/ OY)<br \/>\n<a href=\"http:\/\/paulpolansky.net\/\">Paul Polansky<\/a> (SRB \/ USA)<br \/>\n<a href=\"http:\/\/edgarallanpoet.com\/Apryl_Skies.html\">April Skies<\/a> (USA)<br \/>\n<a href=\"https:\/\/amyking.wordpress.com\">Amy King<\/a> (USA)<br \/>\n<a href=\"https:\/\/melissastuddard.com\">Melissa Studdard<\/a> (USA)<\/h6>\n<\/div>\n<\/div>\n","protected":false},"excerpt":{"rendered":"<p>Key &#8211; POR &#8211; Portal site | EDU &#8211; University | ORG &#8211; Orginisation | AGG &#8211; Aggregator website 006 &#8211; Library of Congress (USA \/ POR) 005 &#8211; PENNSound (USA \/ POR) 004 &#8211;\u00a0The Irish Literary Times\u00a0(IE &#8211; AGG) 003 &#8211; Poetry Ireland (IE \/ ORG) 002 &#8211; Irish &#8230;<\/p>\n","protected":false},"author":1,"featured_media":0,"parent":0,"menu_order":0,"comment_status":"closed","ping_status":"closed","template":"","meta":{"footnotes":""},"class_list":["post-53","page","type-page","status-publish","hentry","column","twocol"],"jetpack_shortlink":"https:\/\/wp.me\/P7EI4f-R","jetpack_likes_enabled":true,"jetpack-related-posts":[{"id":436,"url":"https:\/\/writingsinrhyme.com\/index.php\/irish-poets\/","url_meta":{"origin":53,"position":0},"title":"Irish Poets","author":"Tom\u00e1s \u00d3 C\u00e1rthaigh","date":"29th August 2014","format":false,"excerpt":"Ireland >>> Offaly Anthony Sullivan Web: www.anthonysullivan.biz Facebook: Page | Ken Hume Web: www.kenhume79.wordpress.com Derek Fanning Web: www.derekfanning.pro.ie Cormac Lally Web: www.cormacom.wordpress.com Ireland >>> Other Julie O Callaghan >>> | Martina Evans >>> | Anne Hartigan >>> | Rita Ann Higgins >>> | Karen O Connor >>> |","rel":"","context":"Similar post","block_context":{"text":"Similar post","link":""},"img":{"alt_text":"","src":"","width":0,"height":0},"classes":[]},{"id":794,"url":"https:\/\/writingsinrhyme.com\/index.php\/bibliography\/","url_meta":{"origin":53,"position":1},"title":"Bibliography","author":"Tom\u00e1s \u00d3 C\u00e1rthaigh","date":"1st October 2014","format":false,"excerpt":"A listing of publishing in print and online media of works of Tom\u00e1s with links to the works on this site, or at the online site of publication, over the past few years. 2020 - May 30 Beachcomber magazine\u00a0- Online -\u00a0The Irish Folklore of The Celtic Merrow, featuring the verse\u2026","rel":"","context":"Similar post","block_context":{"text":"Similar post","link":""},"img":{"alt_text":"","src":"","width":0,"height":0},"classes":[]},{"id":1193,"url":"https:\/\/writingsinrhyme.com\/index.php\/meet-tomas-o-carthaigh\/influences-and-inspirations\/","url_meta":{"origin":53,"position":2},"title":"Influences and Inspirations","author":"Tom\u00e1s \u00d3 C\u00e1rthaigh","date":"22nd November 2014","format":false,"excerpt":"The trio of Robert Burns, Robert Service and Robert Frost have had a lasting impression on my writing. Robert Burns Wee Rabbie is known as the Bard of Ayrshire, and his writings typify the peasant poetry which I like, in the vernacular, but rhyming, telling of the day to day\u2026","rel":"","context":"Similar post","block_context":{"text":"Similar post","link":""},"img":{"alt_text":"The Three Roberts, who have been an influence on my writing, Frost, Service and Burns","src":"https:\/\/i0.wp.com\/www.writingsinrhyme.com\/wp-content\/uploads\/2014\/11\/The-Three-Roberts.jpg?resize=350%2C200","width":350,"height":200},"classes":[]},{"id":3851,"url":"https:\/\/writingsinrhyme.com\/index.php\/e-store\/","url_meta":{"origin":53,"position":3},"title":"E-store","author":"Tom\u00e1s \u00d3 C\u00e1rthaigh","date":"31st July 2017","format":false,"excerpt":"Some books from my library that you may like to feature in yours... Irish Poetry [amazon_link asins='B00GIXX9K6,090498480X,1175631167,B001HC9LDC,B001H7FV9U,1117591018,B009X2NQ4S,1853264547,0141181257,0486436578,0717148351,0192803735,1857545575,0192801929,1857541820' template='ProductGrid' store='tomjcarty-21' marketplace='UK' link_id='7660a0a1-7c88-11e7-b9ab-e9aabdff19ed'] [amazon_link asins='0719082323,0719097681,0863581595,038920613X,1855940051,0856408026,0856407577,B074CMCHXH,1849342326' template='ProductGrid' store='tomjcarty-21' marketplace='UK' link_id='d8a0745b-7c88-11e7-b0ac-adc0a917f724']","rel":"","context":"Similar post","block_context":{"text":"Similar post","link":""},"img":{"alt_text":"","src":"","width":0,"height":0},"classes":[]},{"id":2,"url":"https:\/\/writingsinrhyme.com\/index.php\/meet-tomas-o-carthaigh\/","url_meta":{"origin":53,"position":4},"title":"Meet Tom\u00e1s \u00d3 C\u00e1rthaigh","author":"Tom\u00e1s \u00d3 C\u00e1rthaigh","date":"7th August 2014","format":false,"excerpt":"Tom\u00e1s works at security to pay the bills, as he doesn't fancy being a starving artist. Writing poetry keeps him sane. Sort of! Member of Tullamore Rhymers Club, Immagine & Poesia and other writers collectives, Tom\u00e1s writes mainly in rhyme. More of a man about a continent than a man\u2026","rel":"","context":"Similar post","block_context":{"text":"Similar post","link":""},"img":{"alt_text":"Tom\u00e1s reading at Poets Express in Bantry in 2010... so long ago!!!","src":"https:\/\/i0.wp.com\/gp1.wac.edgecastcdn.net\/802892\/http_public_production\/photos\/images\/4160127\/original\/resize%3A552x320\/Poets-Express_1295406989.jpg?resize=350%2C200&ssl=1","width":350,"height":200},"classes":[]},{"id":668,"url":"https:\/\/writingsinrhyme.com\/index.php\/poems-in-other-languages\/","url_meta":{"origin":53,"position":5},"title":"Poems in Other Languages","author":"Tom\u00e1s \u00d3 C\u00e1rthaigh","date":"23rd September 2014","format":false,"excerpt":"Here we will post poems of Tom\u00e1s \u00d3 C\u00e1rthaigh, in other languages, with links to the original poem as well! \u00a0Irish (4) Briongl\u00f3ideanna de Bhaldraithe (Reiltin Nic Carthaigh Duill) Aniar a fh\u00e9achann an Bhean Amach (Reiltin Nic Carthaigh Duill) Amach a Th\u00e1inig Siad (Reiltin Nic Carthaigh Duill) An Cailin Bocht\u2026","rel":"","context":"Similar post","block_context":{"text":"Similar post","link":""},"img":{"alt_text":"","src":"","width":0,"height":0},"classes":[]}],"jetpack_sharing_enabled":true,"_links":{"self":[{"href":"https:\/\/writingsinrhyme.com\/index.php\/wp-json\/wp\/v2\/pages\/53","targetHints":{"allow":["GET"]}}],"collection":[{"href":"https:\/\/writingsinrhyme.com\/index.php\/wp-json\/wp\/v2\/pages"}],"about":[{"href":"https:\/\/writingsinrhyme.com\/index.php\/wp-json\/wp\/v2\/types\/page"}],"author":[{"embeddable":true,"href":"https:\/\/writingsinrhyme.com\/index.php\/wp-json\/wp\/v2\/users\/1"}],"replies":[{"embeddable":true,"href":"https:\/\/writingsinrhyme.com\/index.php\/wp-json\/wp\/v2\/comments?post=53"}],"version-history":[{"count":9,"href":"https:\/\/writingsinrhyme.com\/index.php\/wp-json\/wp\/v2\/pages\/53\/revisions"}],"predecessor-version":[{"id":2956,"href":"https:\/\/writingsinrhyme.com\/index.php\/wp-json\/wp\/v2\/pages\/53\/revisions\/2956"}],"wp:attachment":[{"href":"https:\/\/writingsinrhyme.com\/index.php\/wp-json\/wp\/v2\/media?parent=53"}],"curies":[{"name":"wp","href":"https:\/\/api.w.org\/{rel}","templated":true}]}}