{"id":4138,"date":"2017-11-05T01:53:16","date_gmt":"2017-11-05T01:53:16","guid":{"rendered":"http:\/\/www.writingsinrhyme.com\/?page_id=4138"},"modified":"2017-11-05T01:58:47","modified_gmt":"2017-11-05T01:58:47","slug":"photo-gallery","status":"publish","type":"page","link":"https:\/\/writingsinrhyme.com\/index.php\/photo-gallery\/","title":{"rendered":"Photo Gallery"},"content":{"rendered":"<blockquote><p>The Scrapbook &#8211; a selection of photos of events Tomas was  at over the years, including as part of the Tullamore Rhymers Club <\/p><\/blockquote>\n<p><a title=\"Bibliography\" href=\"http:\/\/www.writingsinrhyme.com\/index.php\/bibliography\/\">Bibliography<\/a> | <a title=\"Influences and Inspirations\" href=\"http:\/\/www.writingsinrhyme.com\/index.php\/meet-tomas-o-carthaigh\/influences-and-inspirations\/\">Favourite Poets<\/a> | <a title=\"Poems in Other Languages\" href=\"http:\/\/www.writingsinrhyme.com\/index.php\/poems-in-other-languages\/\">Poems in Other Languages<\/a>\u00a0| <a href=\"http:\/\/www.writingsinrhyme.com\/index.php\/around-the-web\/\">Around The Web | <\/a><a href=\"http:\/\/www.writingsinrhyme.com\/index.php\/events\">Events <\/a><a href=\"http:\/\/www.writingsinrhyme.com\/index.php\/around-the-web\/\">| <\/a><a href=\"http:\/\/www.writingsinrhyme.com\/index.php\/meet-tomas-o-carthaigh\/reviews\/\">Reviews<\/a>\u00a0| <a href=\"http:\/\/www.writingsinrhyme.com\/index.php\/photo-gallery\/\">Photo Gallery<\/a><\/p><\/blockquote>\n<div style=\"width: 100%; padding: 0 10pt 0 0; float: none;\">\n<div style=\"width: 33%; padding: 0 10pt 0 0; float: right;\">\n<h5>Gl\u00f3r Sessions in Dublin<\/h5>\n<figure id=\"attachment_4142\" aria-describedby=\"caption-attachment-4142\" style=\"width: 300px\" class=\"wp-caption alignnone\"><a href=\"http:\/\/www.writingsinrhyme.com\/index.php\/photo-gallery\/glor\/\" rel=\"attachment wp-att-4142\"><img loading=\"lazy\" decoding=\"async\" class=\"size-medium wp-image-4142\" src=\"http:\/\/www.writingsinrhyme.com\/wp-content\/uploads\/2017\/11\/Glor-300x200.jpg\" alt=\"Reading at the Gl\u00f3r Sessions in Dublin\" width=\"300\" height=\"200\" srcset=\"https:\/\/writingsinrhyme.com\/wp-content\/uploads\/2017\/11\/Glor-300x200.jpg 300w, https:\/\/writingsinrhyme.com\/wp-content\/uploads\/2017\/11\/Glor-700x467.jpg 700w, https:\/\/writingsinrhyme.com\/wp-content\/uploads\/2017\/11\/Glor-332x221.jpg 332w, https:\/\/writingsinrhyme.com\/wp-content\/uploads\/2017\/11\/Glor.jpg 720w\" sizes=\"auto, (max-width: 300px) 100vw, 300px\" \/><\/a><figcaption id=\"caption-attachment-4142\" class=\"wp-caption-text\">Reading at the Gl\u00f3r Sessions in Dublin<\/figcaption><\/figure>\n<\/div>\n<div style=\"width: 30%; padding: 0 10pt 0 0; float: left;\">\n<h5>Poet of Protest<\/h5>\n<figure id=\"attachment_4140\" aria-describedby=\"caption-attachment-4140\" style=\"width: 300px\" class=\"wp-caption alignnone\"><a href=\"http:\/\/www.writingsinrhyme.com\/index.php\/photo-gallery\/occupy\/\" rel=\"attachment wp-att-4140\"><img loading=\"lazy\" decoding=\"async\" class=\"size-medium wp-image-4140\" src=\"http:\/\/www.writingsinrhyme.com\/wp-content\/uploads\/2017\/11\/occupy-300x225.jpg\" alt=\"At the Occupy Dame Street protest in Dublin\" width=\"300\" height=\"225\" srcset=\"https:\/\/writingsinrhyme.com\/wp-content\/uploads\/2017\/11\/occupy-300x225.jpg 300w, https:\/\/writingsinrhyme.com\/wp-content\/uploads\/2017\/11\/occupy-768x576.jpg 768w, https:\/\/writingsinrhyme.com\/wp-content\/uploads\/2017\/11\/occupy-700x525.jpg 700w, https:\/\/writingsinrhyme.com\/wp-content\/uploads\/2017\/11\/occupy-332x249.jpg 332w, https:\/\/writingsinrhyme.com\/wp-content\/uploads\/2017\/11\/occupy.jpg 960w\" sizes=\"auto, (max-width: 300px) 100vw, 300px\" \/><\/a><figcaption id=\"caption-attachment-4140\" class=\"wp-caption-text\">At the Occupy Dame Street protest in Dublin<\/figcaption><\/figure>\n<h5><\/h5>\n<h5>Hume Book Launch<\/h5>\n<figure id=\"attachment_4143\" aria-describedby=\"caption-attachment-4143\" style=\"width: 300px\" class=\"wp-caption alignnone\"><a href=\"http:\/\/www.writingsinrhyme.com\/index.php\/photo-gallery\/rhymers\/\" rel=\"attachment wp-att-4143\"><img loading=\"lazy\" decoding=\"async\" class=\"size-medium wp-image-4143\" src=\"http:\/\/www.writingsinrhyme.com\/wp-content\/uploads\/2017\/11\/rhymers-300x225.jpg\" alt=\"With the Tullamore Rhymers at the launch of Ken Humes book\" width=\"300\" height=\"225\" srcset=\"https:\/\/writingsinrhyme.com\/wp-content\/uploads\/2017\/11\/rhymers-300x225.jpg 300w, https:\/\/writingsinrhyme.com\/wp-content\/uploads\/2017\/11\/rhymers-700x525.jpg 700w, https:\/\/writingsinrhyme.com\/wp-content\/uploads\/2017\/11\/rhymers-332x249.jpg 332w, https:\/\/writingsinrhyme.com\/wp-content\/uploads\/2017\/11\/rhymers.jpg 720w\" sizes=\"auto, (max-width: 300px) 100vw, 300px\" \/><\/a><figcaption id=\"caption-attachment-4143\" class=\"wp-caption-text\">With Anthony Sullivan at launch of Ken Humes book<\/figcaption><\/figure>\n<\/div>\n<div style=\"width: 30%; padding: 0 10pt 0 0; float: right;\">\n<h5>Nis \/ Serbia<\/h5>\n<figure id=\"attachment_4141\" aria-describedby=\"caption-attachment-4141\" style=\"width: 300px\" class=\"wp-caption alignnone\"><a href=\"http:\/\/www.writingsinrhyme.com\/index.php\/photo-gallery\/paul-polansky\/\" rel=\"attachment wp-att-4141\"><img loading=\"lazy\" decoding=\"async\" class=\"size-medium wp-image-4141\" src=\"http:\/\/www.writingsinrhyme.com\/wp-content\/uploads\/2017\/11\/Paul-Polansky-300x225.jpg\" alt=\"Meeting Paul Polansky in Nis\" width=\"300\" height=\"225\" srcset=\"https:\/\/writingsinrhyme.com\/wp-content\/uploads\/2017\/11\/Paul-Polansky-300x225.jpg 300w, https:\/\/writingsinrhyme.com\/wp-content\/uploads\/2017\/11\/Paul-Polansky-700x525.jpg 700w, https:\/\/writingsinrhyme.com\/wp-content\/uploads\/2017\/11\/Paul-Polansky-332x249.jpg 332w, https:\/\/writingsinrhyme.com\/wp-content\/uploads\/2017\/11\/Paul-Polansky.jpg 720w\" sizes=\"auto, (max-width: 300px) 100vw, 300px\" \/><\/a><figcaption id=\"caption-attachment-4141\" class=\"wp-caption-text\">Meeting Paul Polansky in Nis, Serbia in 2010<\/figcaption><\/figure>\n<\/div>\n<\/div>\n<hr \/>\n<div style=\"width: 100%; padding: 0 10pt 0 0; float: none;\">\n<div style=\"width: 33%; padding: 0 10pt 0 0; float: right;\">\n<h5>Travel to Morocco<\/h5>\n<figure id=\"attachment_4145\" aria-describedby=\"caption-attachment-4145\" style=\"width: 300px\" class=\"wp-caption alignnone\"><a href=\"http:\/\/www.writingsinrhyme.com\/index.php\/photo-gallery\/canon-powershot-sx230-hs042\/\" rel=\"attachment wp-att-4145\"><img loading=\"lazy\" decoding=\"async\" class=\"size-medium wp-image-4145\" src=\"http:\/\/www.writingsinrhyme.com\/wp-content\/uploads\/2017\/11\/Canon-PowerShot-SX230-HS042-300x225.jpg\" alt=\"Meeting El Habib Louai in Morocco\" width=\"300\" height=\"225\" srcset=\"https:\/\/writingsinrhyme.com\/wp-content\/uploads\/2017\/11\/Canon-PowerShot-SX230-HS042-300x225.jpg 300w, https:\/\/writingsinrhyme.com\/wp-content\/uploads\/2017\/11\/Canon-PowerShot-SX230-HS042-768x576.jpg 768w, https:\/\/writingsinrhyme.com\/wp-content\/uploads\/2017\/11\/Canon-PowerShot-SX230-HS042-1024x768.jpg 1024w, https:\/\/writingsinrhyme.com\/wp-content\/uploads\/2017\/11\/Canon-PowerShot-SX230-HS042-700x525.jpg 700w, https:\/\/writingsinrhyme.com\/wp-content\/uploads\/2017\/11\/Canon-PowerShot-SX230-HS042-332x249.jpg 332w\" sizes=\"auto, (max-width: 300px) 100vw, 300px\" \/><\/a><figcaption id=\"caption-attachment-4145\" class=\"wp-caption-text\">Meeting El Habib Louai in Morocco<\/figcaption><\/figure>\n<\/div>\n<div style=\"width: 30%; padding: 0 10pt 0 0; float: left;\">\n<h5>Bards in Bantry<\/h5>\n<figure id=\"attachment_4144\" aria-describedby=\"caption-attachment-4144\" style=\"width: 300px\" class=\"wp-caption alignnone\"><a href=\"http:\/\/www.writingsinrhyme.com\/index.php\/photo-gallery\/34344_1470870766253_1068146849_1396306_3962085_n\/\" rel=\"attachment wp-att-4144\"><img loading=\"lazy\" decoding=\"async\" class=\"size-medium wp-image-4144\" src=\"http:\/\/www.writingsinrhyme.com\/wp-content\/uploads\/2017\/11\/34344_1470870766253_1068146849_1396306_3962085_n-300x225.jpg\" alt=\"Poets Express in Cork\" width=\"300\" height=\"225\" srcset=\"https:\/\/writingsinrhyme.com\/wp-content\/uploads\/2017\/11\/34344_1470870766253_1068146849_1396306_3962085_n-300x225.jpg 300w, https:\/\/writingsinrhyme.com\/wp-content\/uploads\/2017\/11\/34344_1470870766253_1068146849_1396306_3962085_n-700x525.jpg 700w, https:\/\/writingsinrhyme.com\/wp-content\/uploads\/2017\/11\/34344_1470870766253_1068146849_1396306_3962085_n-332x249.jpg 332w, https:\/\/writingsinrhyme.com\/wp-content\/uploads\/2017\/11\/34344_1470870766253_1068146849_1396306_3962085_n.jpg 720w\" sizes=\"auto, (max-width: 300px) 100vw, 300px\" \/><\/a><figcaption id=\"caption-attachment-4144\" class=\"wp-caption-text\">Poets Express in Cork<\/figcaption><\/figure>\n<\/div>\n<\/div>\n","protected":false},"excerpt":{"rendered":"<p>The Scrapbook &#8211; a selection of photos of events Tomas was at over the years, including as part of the Tullamore Rhymers Club Bibliography | Favourite Poets | Poems in Other Languages\u00a0| Around The Web | Events | Reviews\u00a0| Photo Gallery Gl\u00f3r Sessions in Dublin Poet of Protest Hume Book &#8230;<\/p>\n","protected":false},"author":1,"featured_media":0,"parent":0,"menu_order":0,"comment_status":"closed","ping_status":"closed","template":"","meta":{"footnotes":""},"class_list":["post-4138","page","type-page","status-publish","hentry","column","twocol"],"jetpack_shortlink":"https:\/\/wp.me\/P7EI4f-14K","jetpack_likes_enabled":true,"jetpack-related-posts":[{"id":2,"url":"https:\/\/writingsinrhyme.com\/index.php\/meet-tomas-o-carthaigh\/","url_meta":{"origin":4138,"position":0},"title":"Meet Tom\u00e1s \u00d3 C\u00e1rthaigh","author":"Tom\u00e1s \u00d3 C\u00e1rthaigh","date":"7th August 2014","format":false,"excerpt":"Tom\u00e1s works at security to pay the bills, as he doesn't fancy being a starving artist. Writing poetry keeps him sane. Sort of! Member of Tullamore Rhymers Club, Immagine & Poesia and other writers collectives, Tom\u00e1s writes mainly in rhyme. More of a man about a continent than a man\u2026","rel":"","context":"Similar post","block_context":{"text":"Similar post","link":""},"img":{"alt_text":"Tom\u00e1s reading at Poets Express in Bantry in 2010... so long ago!!!","src":"https:\/\/i0.wp.com\/gp1.wac.edgecastcdn.net\/802892\/http_public_production\/photos\/images\/4160127\/original\/resize%3A552x320\/Poets-Express_1295406989.jpg?resize=350%2C200&ssl=1","width":350,"height":200},"classes":[]},{"id":4295,"url":"https:\/\/writingsinrhyme.com\/index.php\/bibliography\/the-galway-eye\/","url_meta":{"origin":4138,"position":1},"title":"The Galway Eye","author":"Tom\u00e1s \u00d3 C\u00e1rthaigh","date":"12th February 2018","format":false,"excerpt":"The Galway Eye is an online newspaper from guess where in Ireland? These are links to articles that I have published with them... - Ireland\u2019s Smallest Comedy Club - A Christmas Reflection - Putting the Homeless in Galway in the headlines - NUIG and its first students - Islam in\u2026","rel":"","context":"Similar post","block_context":{"text":"Similar post","link":""},"img":{"alt_text":"One of the many photos I take of the iconic Cathederal in Galway","src":"https:\/\/i0.wp.com\/www.writingsinrhyme.com\/wp-content\/uploads\/2017\/02\/One-of-the-many-photos-I-take-of-the-iconic-Cathederal-in-Galway.jpg?resize=350%2C200","width":350,"height":200,"srcset":"https:\/\/i0.wp.com\/www.writingsinrhyme.com\/wp-content\/uploads\/2017\/02\/One-of-the-many-photos-I-take-of-the-iconic-Cathederal-in-Galway.jpg?resize=350%2C200 1x, https:\/\/i0.wp.com\/www.writingsinrhyme.com\/wp-content\/uploads\/2017\/02\/One-of-the-many-photos-I-take-of-the-iconic-Cathederal-in-Galway.jpg?resize=525%2C300 1.5x, https:\/\/i0.wp.com\/www.writingsinrhyme.com\/wp-content\/uploads\/2017\/02\/One-of-the-many-photos-I-take-of-the-iconic-Cathederal-in-Galway.jpg?resize=700%2C400 2x, https:\/\/i0.wp.com\/www.writingsinrhyme.com\/wp-content\/uploads\/2017\/02\/One-of-the-many-photos-I-take-of-the-iconic-Cathederal-in-Galway.jpg?resize=1050%2C600 3x"},"classes":[]},{"id":3632,"url":"https:\/\/writingsinrhyme.com\/index.php\/events\/","url_meta":{"origin":4138,"position":2},"title":"Events","author":"Tom\u00e1s \u00d3 C\u00e1rthaigh","date":"7th April 2017","format":false,"excerpt":"Tom\u00e1s has been priviliged to be invited to events across Ireland, and has gatecrashed the odd open mic as well... some of which are outlined below: 2017 A-musing at Accents Cafe, Dublin Scene of the Rhyme, Joe Lee's Bar, Tullamore 2016 Scene of the Rhyme, Joe Lee's Bar, Tullamore 2015\u2026","rel":"","context":"Similar post","block_context":{"text":"Similar post","link":""},"img":{"alt_text":"","src":"","width":0,"height":0},"classes":[]},{"id":3652,"url":"https:\/\/writingsinrhyme.com\/index.php\/meet-tomas-o-carthaigh\/reviews\/","url_meta":{"origin":4138,"position":3},"title":"Reviews","author":"Tom\u00e1s \u00d3 C\u00e1rthaigh","date":"11th April 2017","format":false,"excerpt":"Bibliography | Favourite Poets | Poems in Other Languages\u00a0| Around The Web | Events | Reviews Below are some reviews from writers and magazines of Tom\u00e1s work... \"Painful Happiness of Living\" - Sabahudin Had\u017eiali\u0107 (Diogen \/ Bosnia \/ 2011)","rel":"","context":"Similar post","block_context":{"text":"Similar post","link":""},"img":{"alt_text":"","src":"","width":0,"height":0},"classes":[]},{"id":2012,"url":"https:\/\/writingsinrhyme.com\/index.php\/bibliography\/ommmmmm-the-chapbook\/","url_meta":{"origin":4138,"position":4},"title":"&#8220;Ommmmmm&#8221; The Chapbook","author":"Tom\u00e1s \u00d3 C\u00e1rthaigh","date":"6th July 2015","format":false,"excerpt":"The new chapbook \"Ommmmmm has been released by Tom\u00e1s - it is 16 pages of poems, long and short, humerous and serius, all with a story to tell. It has been a long time in the threatening, and was recently put together fir the Body & Soul festival. Tom\u00e1s would\u2026","rel":"","context":"With 1 comment","block_context":{"text":"With 1 comment","link":"https:\/\/writingsinrhyme.com\/index.php\/bibliography\/ommmmmm-the-chapbook\/#comments"},"img":{"alt_text":"Tom\u00e1s with Chapbook Ommmmmm! at Poetry in the Park in Athlone","src":"https:\/\/i0.wp.com\/www.writingsinrhyme.com\/wp-content\/uploads\/2015\/07\/Tomas-with-Chapbook-Ommmmmm-at-Poetry-in-the-Park-in-Athlone-300x300.jpg?resize=350%2C200","width":350,"height":200},"classes":[]},{"id":1661,"url":"https:\/\/writingsinrhyme.com\/index.php\/poetry-an-open-book\/","url_meta":{"origin":4138,"position":5},"title":"Poetry &#8211; an open book","author":"Tom\u00e1s \u00d3 C\u00e1rthaigh","date":"25th April 2015","format":false,"excerpt":"Film poetry: https:\/\/www.youtube.com\/watch?v=w8pgFYFgf20 Recent Poetry on the website: \u00a0 Where Man Is No Master There are a few spots on earth where Eden exists, and mankind has not it spoiled... A Future Vision When No Future We See Funny take on the old folks parties we will be enjoying! Coffin\u2026","rel":"","context":"Similar post","block_context":{"text":"Similar post","link":""},"img":{"alt_text":"Tom\u00e1s at the Liath Fail in its current setting. It used to be outside the door of The Mound of the Hostages.","src":"https:\/\/i0.wp.com\/www.writingsinrhyme.com\/wp-content\/uploads\/2014\/12\/Tomas-at-the-Liath-Fail-in-its-current-setting.-It-used-to-be-outside-the-door-of-The-Mound-of-the-Hostages.jpg?resize=350%2C200","width":350,"height":200,"srcset":"https:\/\/i0.wp.com\/www.writingsinrhyme.com\/wp-content\/uploads\/2014\/12\/Tomas-at-the-Liath-Fail-in-its-current-setting.-It-used-to-be-outside-the-door-of-The-Mound-of-the-Hostages.jpg?resize=350%2C200 1x, https:\/\/i0.wp.com\/www.writingsinrhyme.com\/wp-content\/uploads\/2014\/12\/Tomas-at-the-Liath-Fail-in-its-current-setting.-It-used-to-be-outside-the-door-of-The-Mound-of-the-Hostages.jpg?resize=525%2C300 1.5x, https:\/\/i0.wp.com\/www.writingsinrhyme.com\/wp-content\/uploads\/2014\/12\/Tomas-at-the-Liath-Fail-in-its-current-setting.-It-used-to-be-outside-the-door-of-The-Mound-of-the-Hostages.jpg?resize=700%2C400 2x, https:\/\/i0.wp.com\/www.writingsinrhyme.com\/wp-content\/uploads\/2014\/12\/Tomas-at-the-Liath-Fail-in-its-current-setting.-It-used-to-be-outside-the-door-of-The-Mound-of-the-Hostages.jpg?resize=1050%2C600 3x"},"classes":[]}],"jetpack_sharing_enabled":true,"_links":{"self":[{"href":"https:\/\/writingsinrhyme.com\/index.php\/wp-json\/wp\/v2\/pages\/4138","targetHints":{"allow":["GET"]}}],"collection":[{"href":"https:\/\/writingsinrhyme.com\/index.php\/wp-json\/wp\/v2\/pages"}],"about":[{"href":"https:\/\/writingsinrhyme.com\/index.php\/wp-json\/wp\/v2\/types\/page"}],"author":[{"embeddable":true,"href":"https:\/\/writingsinrhyme.com\/index.php\/wp-json\/wp\/v2\/users\/1"}],"replies":[{"embeddable":true,"href":"https:\/\/writingsinrhyme.com\/index.php\/wp-json\/wp\/v2\/comments?post=4138"}],"version-history":[{"count":3,"href":"https:\/\/writingsinrhyme.com\/index.php\/wp-json\/wp\/v2\/pages\/4138\/revisions"}],"predecessor-version":[{"id":4149,"href":"https:\/\/writingsinrhyme.com\/index.php\/wp-json\/wp\/v2\/pages\/4138\/revisions\/4149"}],"wp:attachment":[{"href":"https:\/\/writingsinrhyme.com\/index.php\/wp-json\/wp\/v2\/media?parent=4138"}],"curies":[{"name":"wp","href":"https:\/\/api.w.org\/{rel}","templated":true}]}}