{"id":3650,"date":"2017-04-11T21:50:55","date_gmt":"2017-04-11T20:50:55","guid":{"rendered":"http:\/\/www.writingsinrhyme.com\/?page_id=3650"},"modified":"2017-04-11T21:50:55","modified_gmt":"2017-04-11T20:50:55","slug":"painful-happiness-of-living-reviews-diogen-magazine-sabahudin-hadzialic","status":"publish","type":"page","link":"https:\/\/writingsinrhyme.com\/index.php\/meet-tomas-o-carthaigh\/painful-happiness-of-living-reviews-diogen-magazine-sabahudin-hadzialic\/","title":{"rendered":"Painful Happiness of Living &#8211; Reviews &#8211; Diogen Magazine &#8211; Sabahudin Had\u017eiali\u0107"},"content":{"rendered":"<br \/>\n<h1>Painful happiness of living<\/h1>\n<p>Routine of daily prints at Tom\u00e1s \u00d3 C\u00e1rthaigh a gives a birth for the contradiction of expression. But not any contradiction, but just the one that concerns the identity of pain anywhere, on the planet which we are walking, are living.<\/p>\n<p>His poetry is a mature story of meaningful character who is not afraid to identify with the fate of other and different, because of his own welfare.<\/p>\n<p>Looking into the &#8220;past&#8221; of the literature he creates the &#8220;future&#8221; in dreams. <\/p>\n<p>No, I lie!<\/p>\n<p>It is precisely that history.The good spirit who visit us.<\/p>\n<p>To wake us up. With painful happiness of living.<\/p>\n<p>Editor&#8217;s word<\/p>\n<p>Sabahudin Hadzialic<br \/>\nEditor in chief<\/p>\n<p>23.12.2011.<\/p>\n<p><strong>In Bosnian:<\/strong><\/p>\n<h1>Bolna sre\u0107a \u017eivljenja<\/h1>\n<p>Rutina svakodnevnih otisaka kod Tom\u00e1s \u00d3 C\u00e1rthaigh-a ra\u0111a protivrje\u010dnosti izra\u017eaja. Ali ne bilo kakve protivrje\u010dnosti ve\u0107 upravo one \u0161to se odnosi na istovjetnost boli bilo gdje da, na planeti kojom hodimo, \u017eivimo. <\/p>\n<p>Njegova poetika je zrela pri\u010da sadr\u017eajnog lika koji se ne libi poistovjetiti sa sudbinom drugih i druga\u010dijih, radi vlastite dobrobiti.<\/p>\n<p>Zagledan u &#8220;pro\u0161lost&#8221; knji\u017eevnosti on kreira &#8220;budu\u0107nost&#8221; u snovima. <\/p>\n<p>Ne, la\u017eem!<\/p>\n<p>On jeste upravo ta pro\u0161lost. Dobroga duha koji nas pohodi.<\/p>\n<p>Da nas razbudi. Bolnom sre\u0107om \u017eivljenja. <\/p>\n<p>Rije\u010d urednika<\/p>\n<p>Sabahudin Had\u017eiali\u0107<br \/>\ngl. i odg. urednik<\/p>\n<p>23.12.2011.<\/p>\n","protected":false},"excerpt":{"rendered":"<p>Painful happiness of living Routine of daily prints at Tom\u00e1s \u00d3 C\u00e1rthaigh a gives a birth for the contradiction of expression. But not any contradiction, but just the one that concerns the identity of pain anywhere, on the planet which we are walking, are living. His poetry is a mature &#8230;<\/p>\n","protected":false},"author":1,"featured_media":0,"parent":2,"menu_order":0,"comment_status":"closed","ping_status":"closed","template":"","meta":{"footnotes":""},"class_list":["post-3650","page","type-page","status-publish","hentry","column","twocol"],"jetpack_shortlink":"https:\/\/wp.me\/P7EI4f-WS","jetpack_likes_enabled":true,"jetpack-related-posts":[{"id":3652,"url":"https:\/\/writingsinrhyme.com\/index.php\/meet-tomas-o-carthaigh\/reviews\/","url_meta":{"origin":3650,"position":0},"title":"Reviews","author":"Tom\u00e1s \u00d3 C\u00e1rthaigh","date":"11th April 2017","format":false,"excerpt":"Bibliography | Favourite Poets | Poems in Other Languages\u00a0| Around The Web | Events | Reviews Below are some reviews from writers and magazines of Tom\u00e1s work... \"Painful Happiness of Living\" - Sabahudin Had\u017eiali\u0107 (Diogen \/ Bosnia \/ 2011)","rel":"","context":"Similar post","block_context":{"text":"Similar post","link":""},"img":{"alt_text":"","src":"","width":0,"height":0},"classes":[]},{"id":1210,"url":"https:\/\/writingsinrhyme.com\/index.php\/meet-tomas-o-carthaigh\/collaborations\/","url_meta":{"origin":3650,"position":1},"title":"Collaborations","author":"Tom\u00e1s \u00d3 C\u00e1rthaigh","date":"25th November 2014","format":false,"excerpt":"Tom\u00e1s has collaborated with a lot of international artists of canvas and instrument in the creation of his artworks and publications. Below are some of his works, with links to artist profiles in due time. Guilherme Schroeter To See Her, Love But Her and Forever I Loved Her, She Loved\u2026","rel":"","context":"Similar post","block_context":{"text":"Similar post","link":""},"img":{"alt_text":"Guilherme Schroeter","src":"https:\/\/i0.wp.com\/www.writingsinrhyme.com\/wp-content\/uploads\/2014\/11\/Guilherme_Schroeter.jpg?resize=350%2C200","width":350,"height":200,"srcset":"https:\/\/i0.wp.com\/www.writingsinrhyme.com\/wp-content\/uploads\/2014\/11\/Guilherme_Schroeter.jpg?resize=350%2C200 1x, https:\/\/i0.wp.com\/www.writingsinrhyme.com\/wp-content\/uploads\/2014\/11\/Guilherme_Schroeter.jpg?resize=525%2C300 1.5x"},"classes":[]},{"id":2,"url":"https:\/\/writingsinrhyme.com\/index.php\/meet-tomas-o-carthaigh\/","url_meta":{"origin":3650,"position":2},"title":"Meet Tom\u00e1s \u00d3 C\u00e1rthaigh","author":"Tom\u00e1s \u00d3 C\u00e1rthaigh","date":"7th August 2014","format":false,"excerpt":"Tom\u00e1s works at security to pay the bills, as he doesn't fancy being a starving artist. Writing poetry keeps him sane. Sort of! Member of Tullamore Rhymers Club, Immagine & Poesia and other writers collectives, Tom\u00e1s writes mainly in rhyme. More of a man about a continent than a man\u2026","rel":"","context":"Similar post","block_context":{"text":"Similar post","link":""},"img":{"alt_text":"Tom\u00e1s reading at Poets Express in Bantry in 2010... so long ago!!!","src":"https:\/\/i0.wp.com\/gp1.wac.edgecastcdn.net\/802892\/http_public_production\/photos\/images\/4160127\/original\/resize%3A552x320\/Poets-Express_1295406989.jpg?resize=350%2C200&ssl=1","width":350,"height":200},"classes":[]},{"id":668,"url":"https:\/\/writingsinrhyme.com\/index.php\/poems-in-other-languages\/","url_meta":{"origin":3650,"position":3},"title":"Poems in Other Languages","author":"Tom\u00e1s \u00d3 C\u00e1rthaigh","date":"23rd September 2014","format":false,"excerpt":"Here we will post poems of Tom\u00e1s \u00d3 C\u00e1rthaigh, in other languages, with links to the original poem as well! \u00a0Irish (4) Briongl\u00f3ideanna de Bhaldraithe (Reiltin Nic Carthaigh Duill) Aniar a fh\u00e9achann an Bhean Amach (Reiltin Nic Carthaigh Duill) Amach a Th\u00e1inig Siad (Reiltin Nic Carthaigh Duill) An Cailin Bocht\u2026","rel":"","context":"Similar post","block_context":{"text":"Similar post","link":""},"img":{"alt_text":"","src":"","width":0,"height":0},"classes":[]},{"id":1193,"url":"https:\/\/writingsinrhyme.com\/index.php\/meet-tomas-o-carthaigh\/influences-and-inspirations\/","url_meta":{"origin":3650,"position":4},"title":"Influences and Inspirations","author":"Tom\u00e1s \u00d3 C\u00e1rthaigh","date":"22nd November 2014","format":false,"excerpt":"The trio of Robert Burns, Robert Service and Robert Frost have had a lasting impression on my writing. Robert Burns Wee Rabbie is known as the Bard of Ayrshire, and his writings typify the peasant poetry which I like, in the vernacular, but rhyming, telling of the day to day\u2026","rel":"","context":"Similar post","block_context":{"text":"Similar post","link":""},"img":{"alt_text":"The Three Roberts, who have been an influence on my writing, Frost, Service and Burns","src":"https:\/\/i0.wp.com\/www.writingsinrhyme.com\/wp-content\/uploads\/2014\/11\/The-Three-Roberts.jpg?resize=350%2C200","width":350,"height":200},"classes":[]},{"id":2972,"url":"https:\/\/writingsinrhyme.com\/index.php\/around-the-web\/","url_meta":{"origin":3650,"position":5},"title":"Around The Web","author":"Tom\u00e1s \u00d3 C\u00e1rthaigh","date":"13th July 2016","format":false,"excerpt":"Some portals and websites around the web where you can find the works of Tom\u00e1s \u00d3 C\u00e1rthaigh. Profiles to be updated, some work will be posted on these before integration on the website here too! ReverbNation SoundCloud LinkedIn Vimeo Poeticous Hello Poetry PoetryAtlas ArtMajeur.com : EOI SABI\u00d1\u00c1NIGO : World Peace\u2026","rel":"","context":"Similar post","block_context":{"text":"Similar post","link":""},"img":{"alt_text":"","src":"","width":0,"height":0},"classes":[]}],"jetpack_sharing_enabled":true,"_links":{"self":[{"href":"https:\/\/writingsinrhyme.com\/index.php\/wp-json\/wp\/v2\/pages\/3650","targetHints":{"allow":["GET"]}}],"collection":[{"href":"https:\/\/writingsinrhyme.com\/index.php\/wp-json\/wp\/v2\/pages"}],"about":[{"href":"https:\/\/writingsinrhyme.com\/index.php\/wp-json\/wp\/v2\/types\/page"}],"author":[{"embeddable":true,"href":"https:\/\/writingsinrhyme.com\/index.php\/wp-json\/wp\/v2\/users\/1"}],"replies":[{"embeddable":true,"href":"https:\/\/writingsinrhyme.com\/index.php\/wp-json\/wp\/v2\/comments?post=3650"}],"version-history":[{"count":1,"href":"https:\/\/writingsinrhyme.com\/index.php\/wp-json\/wp\/v2\/pages\/3650\/revisions"}],"predecessor-version":[{"id":3651,"href":"https:\/\/writingsinrhyme.com\/index.php\/wp-json\/wp\/v2\/pages\/3650\/revisions\/3651"}],"up":[{"embeddable":true,"href":"https:\/\/writingsinrhyme.com\/index.php\/wp-json\/wp\/v2\/pages\/2"}],"wp:attachment":[{"href":"https:\/\/writingsinrhyme.com\/index.php\/wp-json\/wp\/v2\/media?parent=3650"}],"curies":[{"name":"wp","href":"https:\/\/api.w.org\/{rel}","templated":true}]}}