{"id":3345,"date":"2016-12-05T07:06:18","date_gmt":"2016-12-05T07:06:18","guid":{"rendered":"http:\/\/www.writingsinrhyme.com\/?page_id=3345"},"modified":"2016-12-05T07:06:18","modified_gmt":"2016-12-05T07:06:18","slug":"popular-poems-in-the-last-month","status":"publish","type":"page","link":"https:\/\/writingsinrhyme.com\/index.php\/stats\/popular-poems-in-the-last-month\/","title":{"rendered":"Popular Poems in the Last Month"},"content":{"rendered":"<p>This months popular poems&#8230;<br \/>\n<ul class=\"wpp-list\">\n<li class=\"\"> <a href=\"https:\/\/writingsinrhyme.com\/index.php\/culture-from-a-cigarette-packet\/\" class=\"wpp-post-title\" target=\"_self\">Culture from a Cigarette Packet<\/a> <span class=\"wpp-meta post-stats\"><span class=\"wpp-views\">19 views<\/span><\/span><\/li>\n<li class=\"\"> <a href=\"https:\/\/writingsinrhyme.com\/index.php\/lovers-of-bazdara\/\" class=\"wpp-post-title\" target=\"_self\">Lovers of Bazdara<\/a> <span class=\"wpp-meta post-stats\"><span class=\"wpp-views\">18 views<\/span><\/span><\/li>\n<li class=\"\"> <a href=\"https:\/\/writingsinrhyme.com\/index.php\/padraic-colum-longford-writer-and-riot-inciter\/\" class=\"wpp-post-title\" target=\"_self\">Padraic Colum : Longford Writer and Riot Inciter<\/a> <span class=\"wpp-meta post-stats\"><span class=\"wpp-views\">18 views<\/span><\/span><\/li>\n<li class=\"\"> <a href=\"https:\/\/writingsinrhyme.com\/index.php\/lovers-of-valdaro\/\" class=\"wpp-post-title\" target=\"_self\">Lovers of Valdaro<\/a> <span class=\"wpp-meta post-stats\"><span class=\"wpp-views\">16 views<\/span><\/span><\/li>\n<li class=\"\"> <a href=\"https:\/\/writingsinrhyme.com\/index.php\/catch-of-the-merrow\/\" class=\"wpp-post-title\" target=\"_self\">Catch of the Merrow<\/a> <span class=\"wpp-meta post-stats\"><span class=\"wpp-views\">16 views<\/span><\/span><\/li>\n<li class=\"\"> <a href=\"https:\/\/writingsinrhyme.com\/index.php\/the-donkey-and-the-thistle\/\" class=\"wpp-post-title\" target=\"_self\">The Donkey and the Thistle<\/a> <span class=\"wpp-meta post-stats\"><span class=\"wpp-views\">15 views<\/span><\/span><\/li>\n<li class=\"\"> <a href=\"https:\/\/writingsinrhyme.com\/index.php\/love-of-god-hatred-of-fellow-man\/\" class=\"wpp-post-title\" target=\"_self\">Love of God \u2013 Hatred of Fellow Man<\/a> <span class=\"wpp-meta post-stats\"><span class=\"wpp-views\">14 views<\/span><\/span><\/li>\n<li class=\"\"> <a href=\"https:\/\/writingsinrhyme.com\/index.php\/alternative-genesis-and-what-happened-in-eden-with-the-apple\/\" class=\"wpp-post-title\" target=\"_self\">Alternative Genesis and What Happened in Eden with the Apple<\/a> <span class=\"wpp-meta post-stats\"><span class=\"wpp-views\">14 views<\/span><\/span><\/li>\n<li class=\"\"> <a href=\"https:\/\/writingsinrhyme.com\/index.php\/sailing-up-the-erne-towards-gowna\/\" class=\"wpp-post-title\" target=\"_self\">Sailing Up The Erne Towards Gowna<\/a> <span class=\"wpp-meta post-stats\"><span class=\"wpp-views\">14 views<\/span><\/span><\/li>\n<li class=\"\"> <a href=\"https:\/\/writingsinrhyme.com\/index.php\/evas-echo-folds-their-wings\/\" class=\"wpp-post-title\" target=\"_self\">Eva\u2019s Echo Folds Their Wings<\/a> <span class=\"wpp-meta post-stats\"><span class=\"wpp-views\">14 views<\/span><\/span><\/li>\n<li class=\"\"> <a href=\"https:\/\/writingsinrhyme.com\/index.php\/i-said-id-make-a-voodoo-doll\/\" class=\"wpp-post-title\" target=\"_self\">I Said I\u2019d Make a Voodoo Doll<\/a> <span class=\"wpp-meta post-stats\"><span class=\"wpp-views\">13 views<\/span><\/span><\/li>\n<li class=\"\"> <a href=\"https:\/\/writingsinrhyme.com\/index.php\/to-follow-an-eagle-in-flight\/\" class=\"wpp-post-title\" target=\"_self\">To Follow An Eagle in Flight \u2013 the Flight of Peltier<\/a> <span class=\"wpp-meta post-stats\"><span class=\"wpp-views\">13 views<\/span><\/span><\/li>\n<li class=\"\"> <a href=\"https:\/\/writingsinrhyme.com\/index.php\/santas-sleigh-got-taken-down-by-a-windmill\/\" class=\"wpp-post-title\" target=\"_self\">Santa\u2019s Sleigh Got Taken Down By A Windmill<\/a> <span class=\"wpp-meta post-stats\"><span class=\"wpp-views\">13 views<\/span><\/span><\/li>\n<li class=\"\"> <a href=\"https:\/\/writingsinrhyme.com\/index.php\/aniar-a-fheachann-an-bhean-amach\/\" class=\"wpp-post-title\" target=\"_self\">Aniar a fh\u00e9achann an Bhean Amach<\/a> <span class=\"wpp-meta post-stats\"><span class=\"wpp-views\">12 views<\/span><\/span><\/li>\n<li class=\"\"> <a href=\"https:\/\/writingsinrhyme.com\/index.php\/butterfly-she-flitted-and-settled-on-another-plant\/\" class=\"wpp-post-title\" target=\"_self\">Butterfly \u2013 She Flitted And Settled On Another Plant<\/a> <span class=\"wpp-meta post-stats\"><span class=\"wpp-views\">12 views<\/span><\/span><\/li>\n<li class=\"\"> <a href=\"https:\/\/writingsinrhyme.com\/index.php\/poem-to-a-cow-and-the-poets-who-wrote-about-her\/\" class=\"wpp-post-title\" target=\"_self\">Poem To A Cow and the Poets Who Wrote About Her<\/a> <span class=\"wpp-meta post-stats\"><span class=\"wpp-views\">12 views<\/span><\/span><\/li>\n<li class=\"\"> <a href=\"https:\/\/writingsinrhyme.com\/index.php\/dahlia-berber-warrior-queen\/\" class=\"wpp-post-title\" target=\"_self\">Dahlia, Berber Warrior Queen<\/a> <span class=\"wpp-meta post-stats\"><span class=\"wpp-views\">12 views<\/span><\/span><\/li>\n<li class=\"\"> <a href=\"https:\/\/writingsinrhyme.com\/index.php\/66-days-a-poor-tribute-to-bobby-sands\/\" class=\"wpp-post-title\" target=\"_self\">66 Days \u2013 A Poor Tribute to Bobby Sands<\/a> <span class=\"wpp-meta post-stats\"><span class=\"wpp-views\">12 views<\/span><\/span><\/li>\n<li class=\"\"> <a href=\"https:\/\/writingsinrhyme.com\/index.php\/ta-siad-ag-damhsa-anocht\/\" class=\"wpp-post-title\" target=\"_self\">T\u00e1 Siad ag Damhsa Anocht<\/a> <span class=\"wpp-meta post-stats\"><span class=\"wpp-views\">12 views<\/span><\/span><\/li>\n<li class=\"\"> <a href=\"https:\/\/writingsinrhyme.com\/index.php\/remembering-bernard-o-reilly-a-soldier-of-australia-and-old-aughagreagh\/\" class=\"wpp-post-title\" target=\"_self\">Remembering Bernard O\u2019 Reilly, a Soldier of Australia and old Aughagreagh<\/a> <span class=\"wpp-meta post-stats\"><span class=\"wpp-views\">12 views<\/span><\/span><\/li>\n<li class=\"\"> <a href=\"https:\/\/writingsinrhyme.com\/index.php\/turning-the-big-one-hundred-a-north-longfordman-remembered\/\" class=\"wpp-post-title\" target=\"_self\">Turning the Big One Hundred \u2013 A North Longfordman Remembered<\/a> <span class=\"wpp-meta post-stats\"><span class=\"wpp-views\">12 views<\/span><\/span><\/li>\n<li class=\"\"> <a href=\"https:\/\/writingsinrhyme.com\/index.php\/little-green-men\/\" class=\"wpp-post-title\" target=\"_self\">Little Green Men<\/a> <span class=\"wpp-meta post-stats\"><span class=\"wpp-views\">11 views<\/span><\/span><\/li>\n<li class=\"\"> <a href=\"https:\/\/writingsinrhyme.com\/index.php\/saint-theodore-of-vrsac\/\" class=\"wpp-post-title\" target=\"_self\">Saint Theodore of Vrsac<\/a> <span class=\"wpp-meta post-stats\"><span class=\"wpp-views\">11 views<\/span><\/span><\/li>\n<li class=\"\"> <a href=\"https:\/\/writingsinrhyme.com\/index.php\/an-endangered-species\/\" class=\"wpp-post-title\" target=\"_self\">An Endangered Species<\/a> <span class=\"wpp-meta post-stats\"><span class=\"wpp-views\">11 views<\/span><\/span><\/li>\n<li class=\"\"> <a href=\"https:\/\/writingsinrhyme.com\/index.php\/elegy-sweet-afton\/\" class=\"wpp-post-title\" target=\"_self\">Elegy \u2013 Sweet Afton<\/a> <span class=\"wpp-meta post-stats\"><span class=\"wpp-views\">11 views<\/span><\/span><\/li>\n<li class=\"\"> <a href=\"https:\/\/writingsinrhyme.com\/index.php\/santa-xxx\/\" class=\"wpp-post-title\" target=\"_self\">Santa XXX<\/a> <span class=\"wpp-meta post-stats\"><span class=\"wpp-views\">11 views<\/span><\/span><\/li>\n<li class=\"\"> <a href=\"https:\/\/writingsinrhyme.com\/index.php\/tenalach\/\" class=\"wpp-post-title\" target=\"_self\">Tenalach<\/a> <span class=\"wpp-meta post-stats\"><span class=\"wpp-views\">11 views<\/span><\/span><\/li>\n<li class=\"\"> <a href=\"https:\/\/writingsinrhyme.com\/index.php\/rose-among-the-weeds\/\" class=\"wpp-post-title\" target=\"_self\">Rose Among the Weeds<\/a> <span class=\"wpp-meta post-stats\"><span class=\"wpp-views\">11 views<\/span><\/span><\/li>\n<li class=\"\"> <a href=\"https:\/\/writingsinrhyme.com\/index.php\/forgotten-famine-in-a-free-state\/\" class=\"wpp-post-title\" target=\"_self\">Forgotten Famine in a Free State<\/a> <span class=\"wpp-meta post-stats\"><span class=\"wpp-views\">11 views<\/span><\/span><\/li>\n<li class=\"\"> <a href=\"https:\/\/writingsinrhyme.com\/index.php\/drinking-to-the-health-of-a-crazed-genius\/\" class=\"wpp-post-title\" target=\"_self\">Drinking to the Health of a Crazed Genius<\/a> <span class=\"wpp-meta post-stats\"><span class=\"wpp-views\">11 views<\/span><\/span><\/li>\n<li class=\"\"> <a href=\"https:\/\/writingsinrhyme.com\/index.php\/elegy-for-fidel-castro\/\" class=\"wpp-post-title\" target=\"_self\">Elegy for Fidel Castro<\/a> <span class=\"wpp-meta post-stats\"><span class=\"wpp-views\">11 views<\/span><\/span><\/li>\n<li class=\"\"> <a href=\"https:\/\/writingsinrhyme.com\/index.php\/salmon-of-knowledge\/\" class=\"wpp-post-title\" target=\"_self\">Salmon of Knowledge<\/a> <span class=\"wpp-meta post-stats\"><span class=\"wpp-views\">11 views<\/span><\/span><\/li>\n<li class=\"\"> <a href=\"https:\/\/writingsinrhyme.com\/index.php\/weekend-of-hit-and-miss-in-banagher-and-longford\/\" class=\"wpp-post-title\" target=\"_self\">Weekend of Hit and Miss in Banagher and Longford<\/a> <span class=\"wpp-meta post-stats\"><span class=\"wpp-views\">11 views<\/span><\/span><\/li>\n<li class=\"\"> <a href=\"https:\/\/writingsinrhyme.com\/index.php\/the-famine-cross\/\" class=\"wpp-post-title\" target=\"_self\">The Famine Cross<\/a> <span class=\"wpp-meta post-stats\"><span class=\"wpp-views\">11 views<\/span><\/span><\/li>\n<li class=\"\"> <a href=\"https:\/\/writingsinrhyme.com\/index.php\/had-she-never-written-a-poem\/\" class=\"wpp-post-title\" target=\"_self\">Had She Never Written a Poem<\/a> <span class=\"wpp-meta post-stats\"><span class=\"wpp-views\">11 views<\/span><\/span><\/li>\n<li class=\"\"> <a href=\"https:\/\/writingsinrhyme.com\/index.php\/how-a-poet-can-avoid-divorce\/\" class=\"wpp-post-title\" target=\"_self\">How a Poet Can Avoid Divorce<\/a> <span class=\"wpp-meta post-stats\"><span class=\"wpp-views\">11 views<\/span><\/span><\/li>\n<li class=\"\"> <a href=\"https:\/\/writingsinrhyme.com\/index.php\/the-water-gently-flows\/\" class=\"wpp-post-title\" target=\"_self\">The Water Gently Flows<\/a> <span class=\"wpp-meta post-stats\"><span class=\"wpp-views\">11 views<\/span><\/span><\/li>\n<li class=\"\"> <a href=\"https:\/\/writingsinrhyme.com\/index.php\/angels-cry-for-gaza\/\" class=\"wpp-post-title\" target=\"_self\">Angels Cry for Gaza<\/a> <span class=\"wpp-meta post-stats\"><span class=\"wpp-views\">11 views<\/span><\/span><\/li>\n<li class=\"\"> <a href=\"https:\/\/writingsinrhyme.com\/index.php\/reflections-at-december-2024\/\" class=\"wpp-post-title\" target=\"_self\">Reflections at December 2024<\/a> <span class=\"wpp-meta post-stats\"><span class=\"wpp-views\">11 views<\/span><\/span><\/li>\n<li class=\"\"> <a href=\"https:\/\/writingsinrhyme.com\/index.php\/ommmmmm\/\" class=\"wpp-post-title\" target=\"_self\">Ommmmmm!!!<\/a> <span class=\"wpp-meta post-stats\"><span class=\"wpp-views\">10 views<\/span><\/span><\/li>\n<li class=\"\"> <a href=\"https:\/\/writingsinrhyme.com\/index.php\/king-billy-and-the-pope\/\" class=\"wpp-post-title\" target=\"_self\">King Billy and The Pope<\/a> <span class=\"wpp-meta post-stats\"><span class=\"wpp-views\">10 views<\/span><\/span><\/li>\n<li class=\"\"> <a href=\"https:\/\/writingsinrhyme.com\/index.php\/bad-santa\/\" class=\"wpp-post-title\" target=\"_self\">Bad Santa<\/a> <span class=\"wpp-meta post-stats\"><span class=\"wpp-views\">10 views<\/span><\/span><\/li>\n<li class=\"\"> <a href=\"https:\/\/writingsinrhyme.com\/index.php\/letter-to-an-unknown-soldier\/\" class=\"wpp-post-title\" target=\"_self\">Letter to an Unknown Soldier<\/a> <span class=\"wpp-meta post-stats\"><span class=\"wpp-views\">10 views<\/span><\/span><\/li>\n<li class=\"\"> <a href=\"https:\/\/writingsinrhyme.com\/index.php\/slam-in-kilkenny-the-all-ireland-poetry-slam-in-irelands-quirkiest-pub\/\" class=\"wpp-post-title\" target=\"_self\">SLAM in Kilkenny \u2013 The All Ireland Poetry Slam in Irelands Quirkiest Pub<\/a> <span class=\"wpp-meta post-stats\"><span class=\"wpp-views\">10 views<\/span><\/span><\/li>\n<li class=\"\"> <a href=\"https:\/\/writingsinrhyme.com\/index.php\/memories-of-your-mother\/\" class=\"wpp-post-title\" target=\"_self\">Memories of Your Mother<\/a> <span class=\"wpp-meta post-stats\"><span class=\"wpp-views\">10 views<\/span><\/span><\/li>\n<li class=\"\"> <a href=\"https:\/\/writingsinrhyme.com\/index.php\/there-are-many-roads-to-dublin\/\" class=\"wpp-post-title\" target=\"_self\">There Are Many Roads to Dublin<\/a> <span class=\"wpp-meta post-stats\"><span class=\"wpp-views\">10 views<\/span><\/span><\/li>\n<li class=\"\"> <a href=\"https:\/\/writingsinrhyme.com\/index.php\/a-great-place-to-go-mad\/\" class=\"wpp-post-title\" target=\"_self\">A Great Place to Go Mad<\/a> <span class=\"wpp-meta post-stats\"><span class=\"wpp-views\">10 views<\/span><\/span><\/li>\n<li class=\"\"> <a href=\"https:\/\/writingsinrhyme.com\/index.php\/the-years-creep-up\/\" class=\"wpp-post-title\" target=\"_self\">The Years Creep Up<\/a> <span class=\"wpp-meta post-stats\"><span class=\"wpp-views\">10 views<\/span><\/span><\/li>\n<li class=\"\"> <a href=\"https:\/\/writingsinrhyme.com\/index.php\/the-music-lives-on\/\" class=\"wpp-post-title\" target=\"_self\">The Music Lives On<\/a> <span class=\"wpp-meta post-stats\"><span class=\"wpp-views\">10 views<\/span><\/span><\/li>\n<li class=\"\"> <a href=\"https:\/\/writingsinrhyme.com\/index.php\/an-cailin-bocht-marbh\/\" class=\"wpp-post-title\" target=\"_self\">An Cail\u00edn Bocht Marbh<\/a> <span class=\"wpp-meta post-stats\"><span class=\"wpp-views\">9 views<\/span><\/span><\/li>\n\n<\/ul><\/p>\n","protected":false},"excerpt":{"rendered":"<p>This months popular poems&#8230;<\/p>\n","protected":false},"author":1,"featured_media":0,"parent":3292,"menu_order":0,"comment_status":"closed","ping_status":"closed","template":"","meta":{"footnotes":""},"class_list":["post-3345","page","type-page","status-publish","hentry","column","twocol"],"jetpack_shortlink":"https:\/\/wp.me\/P7EI4f-RX","jetpack_likes_enabled":true,"jetpack-related-posts":[{"id":3348,"url":"https:\/\/writingsinrhyme.com\/index.php\/stats\/popular-poems-today\/","url_meta":{"origin":3345,"position":0},"title":"Popular Poems Today","author":"Tom\u00e1s \u00d3 C\u00e1rthaigh","date":"5th December 2016","format":false,"excerpt":"Todays popular poems...","rel":"","context":"Similar post","block_context":{"text":"Similar post","link":""},"img":{"alt_text":"","src":"","width":0,"height":0},"classes":[]},{"id":2367,"url":"https:\/\/writingsinrhyme.com\/index.php\/stats\/popular-poems-in-the-last-week\/","url_meta":{"origin":3345,"position":1},"title":"Popular Poems in the Last Seven Days","author":"Tom\u00e1s \u00d3 C\u00e1rthaigh","date":"13th October 2016","format":false,"excerpt":"Weekly Posts","rel":"","context":"Similar post","block_context":{"text":"Similar post","link":""},"img":{"alt_text":"","src":"","width":0,"height":0},"classes":[]},{"id":3292,"url":"https:\/\/writingsinrhyme.com\/index.php\/stats\/","url_meta":{"origin":3345,"position":2},"title":"Stats","author":"Tom\u00e1s \u00d3 C\u00e1rthaigh","date":"28th November 2016","format":false,"excerpt":"Weekly Posts","rel":"","context":"Similar post","block_context":{"text":"Similar post","link":""},"img":{"alt_text":"","src":"","width":0,"height":0},"classes":[]},{"id":668,"url":"https:\/\/writingsinrhyme.com\/index.php\/poems-in-other-languages\/","url_meta":{"origin":3345,"position":3},"title":"Poems in Other Languages","author":"Tom\u00e1s \u00d3 C\u00e1rthaigh","date":"23rd September 2014","format":false,"excerpt":"Here we will post poems of Tom\u00e1s \u00d3 C\u00e1rthaigh, in other languages, with links to the original poem as well! \u00a0Irish (4) Briongl\u00f3ideanna de Bhaldraithe (Reiltin Nic Carthaigh Duill) Aniar a fh\u00e9achann an Bhean Amach (Reiltin Nic Carthaigh Duill) Amach a Th\u00e1inig Siad (Reiltin Nic Carthaigh Duill) An Cailin Bocht\u2026","rel":"","context":"Similar post","block_context":{"text":"Similar post","link":""},"img":{"alt_text":"","src":"","width":0,"height":0},"classes":[]},{"id":794,"url":"https:\/\/writingsinrhyme.com\/index.php\/bibliography\/","url_meta":{"origin":3345,"position":4},"title":"Bibliography","author":"Tom\u00e1s \u00d3 C\u00e1rthaigh","date":"1st October 2014","format":false,"excerpt":"A listing of publishing in print and online media of works of Tom\u00e1s with links to the works on this site, or at the online site of publication, over the past few years. 2020 - May 30 Beachcomber magazine\u00a0- Online -\u00a0The Irish Folklore of The Celtic Merrow, featuring the verse\u2026","rel":"","context":"Similar post","block_context":{"text":"Similar post","link":""},"img":{"alt_text":"","src":"","width":0,"height":0},"classes":[]},{"id":2012,"url":"https:\/\/writingsinrhyme.com\/index.php\/bibliography\/ommmmmm-the-chapbook\/","url_meta":{"origin":3345,"position":5},"title":"&#8220;Ommmmmm&#8221; The Chapbook","author":"Tom\u00e1s \u00d3 C\u00e1rthaigh","date":"6th July 2015","format":false,"excerpt":"The new chapbook \"Ommmmmm has been released by Tom\u00e1s - it is 16 pages of poems, long and short, humerous and serius, all with a story to tell. It has been a long time in the threatening, and was recently put together fir the Body & Soul festival. Tom\u00e1s would\u2026","rel":"","context":"With 1 comment","block_context":{"text":"With 1 comment","link":"https:\/\/writingsinrhyme.com\/index.php\/bibliography\/ommmmmm-the-chapbook\/#comments"},"img":{"alt_text":"Tom\u00e1s with Chapbook Ommmmmm! at Poetry in the Park in Athlone","src":"https:\/\/i0.wp.com\/www.writingsinrhyme.com\/wp-content\/uploads\/2015\/07\/Tomas-with-Chapbook-Ommmmmm-at-Poetry-in-the-Park-in-Athlone-300x300.jpg?resize=350%2C200","width":350,"height":200},"classes":[]}],"jetpack_sharing_enabled":true,"_links":{"self":[{"href":"https:\/\/writingsinrhyme.com\/index.php\/wp-json\/wp\/v2\/pages\/3345","targetHints":{"allow":["GET"]}}],"collection":[{"href":"https:\/\/writingsinrhyme.com\/index.php\/wp-json\/wp\/v2\/pages"}],"about":[{"href":"https:\/\/writingsinrhyme.com\/index.php\/wp-json\/wp\/v2\/types\/page"}],"author":[{"embeddable":true,"href":"https:\/\/writingsinrhyme.com\/index.php\/wp-json\/wp\/v2\/users\/1"}],"replies":[{"embeddable":true,"href":"https:\/\/writingsinrhyme.com\/index.php\/wp-json\/wp\/v2\/comments?post=3345"}],"version-history":[{"count":1,"href":"https:\/\/writingsinrhyme.com\/index.php\/wp-json\/wp\/v2\/pages\/3345\/revisions"}],"predecessor-version":[{"id":3346,"href":"https:\/\/writingsinrhyme.com\/index.php\/wp-json\/wp\/v2\/pages\/3345\/revisions\/3346"}],"up":[{"embeddable":true,"href":"https:\/\/writingsinrhyme.com\/index.php\/wp-json\/wp\/v2\/pages\/3292"}],"wp:attachment":[{"href":"https:\/\/writingsinrhyme.com\/index.php\/wp-json\/wp\/v2\/media?parent=3345"}],"curies":[{"name":"wp","href":"https:\/\/api.w.org\/{rel}","templated":true}]}}