{"id":1193,"date":"2014-11-22T02:23:44","date_gmt":"2014-11-22T02:23:44","guid":{"rendered":"http:\/\/www.writingsinrhyme.com\/?page_id=1193"},"modified":"2014-11-22T02:23:44","modified_gmt":"2014-11-22T02:23:44","slug":"influences-and-inspirations","status":"publish","type":"page","link":"https:\/\/writingsinrhyme.com\/index.php\/meet-tomas-o-carthaigh\/influences-and-inspirations\/","title":{"rendered":"Influences and Inspirations"},"content":{"rendered":"<p><a href=\"http:\/\/www.writingsinrhyme.com\/wp-content\/uploads\/2014\/11\/The-Three-Roberts.jpg\"><img loading=\"lazy\" decoding=\"async\" class=\"size-full wp-image-1194\" src=\"http:\/\/www.writingsinrhyme.com\/wp-content\/uploads\/2014\/11\/The-Three-Roberts.jpg\" alt=\"The Three Roberts, who have been an influence on my writing, Frost, Service and Burns\" width=\"502\" height=\"191\" srcset=\"https:\/\/writingsinrhyme.com\/wp-content\/uploads\/2014\/11\/The-Three-Roberts.jpg 502w, https:\/\/writingsinrhyme.com\/wp-content\/uploads\/2014\/11\/The-Three-Roberts-300x114.jpg 300w\" sizes=\"auto, (max-width: 502px) 100vw, 502px\" \/><\/a><\/p>\n<p>The trio of Robert Burns, Robert Service and Robert Frost have had a lasting impression on my writing.<\/p>\n<p><strong>Robert Burns<\/strong><\/p>\n<p>Wee Rabbie is known as the Bard of Ayrshire, and his writings typify the peasant poetry which I like, in the vernacular, but rhyming, telling of the day to day issues, and responding to the topics of the time.<\/p>\n<p><strong>Robert Service<\/strong><\/p>\n<p>His flow in his poems such as Dan Mc Grew is something I have looked to eminate in some of my longer poems.<\/p>\n<p><strong>Robert Frost<\/strong><\/p>\n<p>My favourite poem is &#8220;Stopping by Woods on a Snowy Evening&#8221;, and is but one of a plethora of fantastic works by this prolific American author.<\/p>\n<p><strong>The Irish Brigade<\/strong><\/p>\n<p>Not to be outdone, of course the standard Irish influences have been of immense importance to me, from W.B. Yeats to Thomas Moore, to Padric Culumb to Patrick Kavanagh.<\/p>\n","protected":false},"excerpt":{"rendered":"<p>The trio of Robert Burns, Robert Service and Robert Frost have had a lasting impression on my writing. Robert Burns Wee Rabbie is known as the Bard of Ayrshire, and his writings typify the peasant poetry which I like, in the vernacular, but rhyming, telling of the day to day &#8230;<\/p>\n","protected":false},"author":1,"featured_media":0,"parent":2,"menu_order":0,"comment_status":"closed","ping_status":"open","template":"","meta":{"footnotes":""},"class_list":["post-1193","page","type-page","status-publish","hentry","column","twocol"],"jetpack_shortlink":"https:\/\/wp.me\/P7EI4f-jf","jetpack_likes_enabled":true,"jetpack-related-posts":[{"id":2,"url":"https:\/\/writingsinrhyme.com\/index.php\/meet-tomas-o-carthaigh\/","url_meta":{"origin":1193,"position":0},"title":"Meet Tom\u00e1s \u00d3 C\u00e1rthaigh","author":"Tom\u00e1s \u00d3 C\u00e1rthaigh","date":"7th August 2014","format":false,"excerpt":"Tom\u00e1s works at security to pay the bills, as he doesn't fancy being a starving artist. Writing poetry keeps him sane. Sort of! Member of Tullamore Rhymers Club, Immagine & Poesia and other writers collectives, Tom\u00e1s writes mainly in rhyme. More of a man about a continent than a man\u2026","rel":"","context":"Similar post","block_context":{"text":"Similar post","link":""},"img":{"alt_text":"Tom\u00e1s reading at Poets Express in Bantry in 2010... so long ago!!!","src":"https:\/\/i0.wp.com\/gp1.wac.edgecastcdn.net\/802892\/http_public_production\/photos\/images\/4160127\/original\/resize%3A552x320\/Poets-Express_1295406989.jpg?resize=350%2C200&ssl=1","width":350,"height":200},"classes":[]},{"id":794,"url":"https:\/\/writingsinrhyme.com\/index.php\/bibliography\/","url_meta":{"origin":1193,"position":1},"title":"Bibliography","author":"Tom\u00e1s \u00d3 C\u00e1rthaigh","date":"1st October 2014","format":false,"excerpt":"A listing of publishing in print and online media of works of Tom\u00e1s with links to the works on this site, or at the online site of publication, over the past few years. 2020 - May 30 Beachcomber magazine\u00a0- Online -\u00a0The Irish Folklore of The Celtic Merrow, featuring the verse\u2026","rel":"","context":"Similar post","block_context":{"text":"Similar post","link":""},"img":{"alt_text":"","src":"","width":0,"height":0},"classes":[]},{"id":3348,"url":"https:\/\/writingsinrhyme.com\/index.php\/stats\/popular-poems-today\/","url_meta":{"origin":1193,"position":2},"title":"Popular Poems Today","author":"Tom\u00e1s \u00d3 C\u00e1rthaigh","date":"5th December 2016","format":false,"excerpt":"Todays popular poems...","rel":"","context":"Similar post","block_context":{"text":"Similar post","link":""},"img":{"alt_text":"","src":"","width":0,"height":0},"classes":[]},{"id":49,"url":"https:\/\/writingsinrhyme.com\/index.php\/where-are-all-the-poems-gone\/","url_meta":{"origin":1193,"position":3},"title":"Where Are All the Poems Gone?","author":"Tom\u00e1s \u00d3 C\u00e1rthaigh","date":"8th August 2014","format":false,"excerpt":"Due to a crash in the website, the old one has been taken down completely, and the posts from it are slowly being restored. Video poems are now having the text beneath the poem on the one page, for ease of use. Let us know if this works for you.\u2026","rel":"","context":"Similar post","block_context":{"text":"Similar post","link":""},"img":{"alt_text":"","src":"","width":0,"height":0},"classes":[]},{"id":3345,"url":"https:\/\/writingsinrhyme.com\/index.php\/stats\/popular-poems-in-the-last-month\/","url_meta":{"origin":1193,"position":4},"title":"Popular Poems in the Last Month","author":"Tom\u00e1s \u00d3 C\u00e1rthaigh","date":"5th December 2016","format":false,"excerpt":"This months popular poems...","rel":"","context":"Similar post","block_context":{"text":"Similar post","link":""},"img":{"alt_text":"","src":"","width":0,"height":0},"classes":[]},{"id":2367,"url":"https:\/\/writingsinrhyme.com\/index.php\/stats\/popular-poems-in-the-last-week\/","url_meta":{"origin":1193,"position":5},"title":"Popular Poems in the Last Seven Days","author":"Tom\u00e1s \u00d3 C\u00e1rthaigh","date":"13th October 2016","format":false,"excerpt":"Weekly Posts","rel":"","context":"Similar post","block_context":{"text":"Similar post","link":""},"img":{"alt_text":"","src":"","width":0,"height":0},"classes":[]}],"jetpack_sharing_enabled":true,"_links":{"self":[{"href":"https:\/\/writingsinrhyme.com\/index.php\/wp-json\/wp\/v2\/pages\/1193","targetHints":{"allow":["GET"]}}],"collection":[{"href":"https:\/\/writingsinrhyme.com\/index.php\/wp-json\/wp\/v2\/pages"}],"about":[{"href":"https:\/\/writingsinrhyme.com\/index.php\/wp-json\/wp\/v2\/types\/page"}],"author":[{"embeddable":true,"href":"https:\/\/writingsinrhyme.com\/index.php\/wp-json\/wp\/v2\/users\/1"}],"replies":[{"embeddable":true,"href":"https:\/\/writingsinrhyme.com\/index.php\/wp-json\/wp\/v2\/comments?post=1193"}],"version-history":[{"count":2,"href":"https:\/\/writingsinrhyme.com\/index.php\/wp-json\/wp\/v2\/pages\/1193\/revisions"}],"predecessor-version":[{"id":1196,"href":"https:\/\/writingsinrhyme.com\/index.php\/wp-json\/wp\/v2\/pages\/1193\/revisions\/1196"}],"up":[{"embeddable":true,"href":"https:\/\/writingsinrhyme.com\/index.php\/wp-json\/wp\/v2\/pages\/2"}],"wp:attachment":[{"href":"https:\/\/writingsinrhyme.com\/index.php\/wp-json\/wp\/v2\/media?parent=1193"}],"curies":[{"name":"wp","href":"https:\/\/api.w.org\/{rel}","templated":true}]}}